s of w(-1).
3, 83
Suppose 1055 = 9*s - 1933. What are the prime factors of s?
2, 83
Let c = 188 - -316. What are the prime factors of c?
2, 3, 7
Let p be 776/9 + 6/(-27). Suppose 3*d - 4*y = p + 241, -4*y = 2*d - 198. List the prime factors of (-2)/(-6) + d/9.
2, 3
Let a(n) = n**2 + 14*n - 75. Let d be a(-18). What are the prime factors of -5 + (4 - d) + 67*2?
2, 17
Suppose 4*g + 2*p - 18319 = p, -4*g + 18325 = 3*p. What are the prime factors of g?
19, 241
Let l = 38 - 20. List the prime factors of 1977/27 + (-4)/l.
73
Let m = 72 - 70. Suppose -5*q + 197 = -3*p - 71, -4*q + 216 = -m*p. List the prime factors of q.
2, 7
Suppose -x = -18 - 1. Let t = x - 15. Suppose t*s + 23 = 4*c - 13, 0 = -2*c + 5*s + 6. List the prime factors of c.
13
What are the prime factors of (3246/14)/(31/217) - 5?
2, 809
Suppose 6723 = 3*a + 3*z, 2*a - 3696 - 787 = -3*z. List the prime factors of a.
2, 5, 7
Let q be 32/80 + 17/(-5). Let w(v) = v**3 + 2*v**2 - 4*v. What are the prime factors of w(q)?
3
Let c = -16 - -19. Suppose c*z = 2*d - 17, 20 = 4*z - 0*z. What are the prime factors of d?
2
Let s = -2437 - -6357. List the prime factors of s.
2, 5, 7
Suppose -235 - 85 = 4*s + 4*j, 3*s + 4*j + 244 = 0. Let w = s + 111. List the prime factors of w.
5, 7
Let p be (-8)/(-4 - (-56)/12). Let t be (-4)/p*6 + 17. Suppose -2*z + 2*m = -0*z - 46, t = z + 3*m. What are the prime factors of z?
2, 11
Suppose -3*w - 4 = -16. Suppose 5*p = -l + 78, 3*l + w*p = -0*p + 278. List the prime factors of l.
2, 7
Let v = 88 - -62. Let m be v/(-22) - (-6)/(-33). List the prime factors of (-23)/1*(-9 - m).
2, 23
Let l = 3684 + -1480. What are the prime factors of l?
2, 19, 29
Suppose -2423 = -4*a - 691. Suppose 2*v - 277 = 3*g - 4*g, a = 3*v + 5*g. What are the prime factors of v?
2, 17
Suppose -j + 14 = 3*w, j - 6*j + 5*w - 10 = 0. Suppose -3*z = -34 - 62. Suppose -4*r - 3*x = -z, 0 = 5*r + j*x - 6*x - 9. List the prime factors of r.
5
Let m = 2200 - 1555. What are the prime factors of m?
3, 5, 43
Let c = 29 - 34. What are the prime factors of (174/(-7) - 0)/(c/35)?
2, 3, 29
Suppose -43*s = -46188 - 65139. List the prime factors of s.
3, 863
Let g be 16/12*3 + -10. What are the prime factors of (-499)/(-7) - g/(-21)?
71
Suppose -3*r - q = -9, 10 = 6*r - 2*r + 2*q. Suppose r*h - 29 + 9 = 0. What are the prime factors of h?
5
Suppose -4*k + 4*m + 584 = 0, 4*m - 161 = -k - 25. What are the prime factors of k?
2, 3
Suppose -5*d + 2533 = 5*n - 2*d, 3*d + 12 = 0. List the prime factors of n.
509
Suppose -8*a = -7*a - 32. Suppose 3*o - 4*o = -a. What are the prime factors of o?
2
Suppose -2*r + 158 = 5*g, 3*r - 3*g = 67 + 170. List the prime factors of r.
79
Let j be 2/(-4*(-1)/(-10)). Let o be 2/j*-5 + -2. Suppose 3*r + r - 96 = o. What are the prime factors of r?
2, 3
Let p be 1*(-1204)/(-12) - 3/9. Let z = p + 102. What are the prime factors of z?
2, 101
Let y(k) = -k - 6. Let o be y(-10). Suppose -m = 5*w - 166 - 481, -4*m = o*w - 508. Suppose -l = -x + 31, -w = -4*x + l + l. What are the prime factors of x?
2, 17
Let h(x) = 2*x**2 - 18*x + 9. Let k be h(13). Suppose 9*m + k = 608. What are the prime factors of m?
5, 11
Let w(s) = 30*s + 4*s**2 + 0*s**3 - 7 + 3*s**2 - 22*s + s**3. Let b be w(-5). Suppose -b*z - 49 = -4*z. What are the prime factors of z?
7
Let s = 242 + -346. Let b be s/(-18) - 2/(-9). Suppose -5*n - 2*m = -191, -5*n = 3*m - b*m - 201. List the prime factors of n.
3, 13
Suppose 0 = 4*b - 1033 + 325. List the prime factors of b.
3, 59
Suppose 17 = -p + 4*o, -p + 28 = -0*p + 5*o. Suppose 3*v = 3*f - 0*f + 48, -5*v + p*f + 90 = 0. List the prime factors of v.
3, 7
Suppose 0 = -2*j + 4, 12*j = 5*n + 11*j - 648. List the prime factors of n.
2, 5, 13
Suppose 3*p + 3*f + 3 = 0, -5*p + 12 = -2*p - 2*f. List the prime factors of p/10 - (-8616)/120.
2, 3
Suppose 2*n - 4*j + 6*j = 402, 0 = -2*j + 2. List the prime factors of n.
2, 5
Let m(y) be the second derivative of y**6/360 + 11*y**5/120 - y**4/4 - 5*y. Let k(z) be the third derivative of m(z). What are the prime factors of k(17)?
3, 5
Let b = -28 - -24. List the prime factors of (0 - 141/b)*4.
3, 47
Let f(t) = 40*t - 502. What are the prime factors of f(68)?
2, 1109
Let c be (-15)/(-2) - (2 - (-3)/(-6)). Suppose -3*z = o - 130, -c*z = 3*o - 3*z - 372. What are the prime factors of o?
11
Let p(k) = 2*k - 3 + 4*k - 5. Suppose -4*s - 4*g - 16 = -44, -4*s + 26 = 3*g. What are the prime factors of p(s)?
2, 11
Let v be 1*(-7 + 2) - 1. Let o = v + 7. What are the prime factors of (o - 2)*(3 - 16)?
13
Suppose 0 = 23*l + 5*l - 15260. What are the prime factors of l?
5, 109
Suppose -11*g + 567 = -8684. What are the prime factors of g?
29
Suppose 0 = 6*k - k + 25. Let r(d) = 3*d + 1. Let t be r(k). Let v = t - -30. What are the prime factors of v?
2
Suppose -47985 = -26*d + 14857. List the prime factors of d.
2417
Let c(b) = b**3 + b**2 - 2*b - 1. Let v be c(-2). Let y = v + 6. Suppose 2*h = -2*h + y*j + 102, -2*j - 27 = -h. List the prime factors of h.
23
List the prime factors of (35867/155)/(1/5).
13, 89
Suppose 3*d + 8 = 4*o + 6*d, 4 = 2*o - 3*d. Suppose -4*i + 5*h + 92 = -2*i, o*i = -5*h + 52. What are the prime factors of i?
2, 3
Suppose -4*p + 156 = 5*i, 2*i + 5*p = p + 72. What are the prime factors of 1/8*1874 + 21/i?
5, 47
Suppose -665 = -56*d + 55*d. What are the prime factors of d?
5, 7, 19
List the prime factors of 212/((72/66)/6).
2, 11, 53
Let j(g) = -33*g + 12. Let h(c) = -c**3 - 3*c**2 + c - 15. Let z be h(-4). List the prime factors of j(z).
3, 37
Suppose j = 3 - 1. Suppose -5*f + 110 = j*k, -k + 4*f - 110 = -3*k. List the prime factors of k.
5, 11
Let i(f) = 10*f - 19. Let r = 41 - 36. List the prime factors of i(r).
31
Suppose 1464 = -2*f + 4*q + 4264, -6964 = -5*f + q. List the prime factors of f.
2, 3, 29
Let t(q) = -q**3 + 7*q**2 + 9*q - 5. Let y be t(8). Suppose 0*o + 4*g - 178 = -2*o, -y*o - 5*g = -272. List the prime factors of o.
3, 11
Let r be 2/7 + 382/(-14). Let i = r + 59. What are the prime factors of i?
2
Suppose 4*u = n - 4*n - 9, 3*u = -3*n - 9. Suppose -h = 5*w - 1027, 5*h + u*h - 603 = -3*w. List the prime factors of w.
2, 103
Let l(p) = -p**3 - 12*p**2 - 11*p + 9. Let w be l(-11). What are the prime factors of -1 - (w/12 + (-638)/8)?
2, 3, 13
Let g be -1*(-3)/((-12)/(-268)). Suppose 25 = -6*d + g. Suppose 9*h - d*h - 46 = 0. What are the prime factors of h?
23
Let p(v) = -v**3 - v**2 + v + 5. Let i be p(0). Suppose i*m - 150 = -55. Suppose 2*y - 2*a - 68 = 3*a, -5*a + m = y. List the prime factors of y.
29
Let o = -1072 + 3480. List the prime factors of o.
2, 7, 43
Suppose -4*j + 23 = -t, -5*t = -t + 12. What are the prime factors of j - (-2)/4*506?
2, 3, 43
Let x(t) = -t**3 + t**2. Let s(r) = 8*r**3 - 3*r**2 - 5*r - 4. Let d(o) = s(o) + 5*x(o). List the prime factors of d(3).
2, 5
Suppose 17370 = 6*a + 9*a. List the prime factors of a.
2, 3, 193
Let l = -64 - -338. List the prime factors of l.
2, 137
Let y be (3 + 25)/(((-2)/2)/1). Let c = 4 - y. List the prime factors of c.
2
Let l(y) = -26*y - 645. List the prime factors of l(-60).
3, 5, 61
Let z(f) = 2*f**2 + 2*f - 1. Suppose 5*x + 7 = -4*l - 6, -l - 7 = 2*x. What are the prime factors of z(l)?
23
Let s = 1388 + -1187. What are the prime factors of s?
3, 67
What are the prime factors of (-2)/(-9) - 9812/(-396)?
5
Suppose 3*h + 297 = l, 3*h = l - 3*l + 639. List the prime factors of l.
2, 3, 13
Let v = -277 + 1165. What are the prime factors of v?
2, 3, 37
Suppose -517 = -23*u + 12*u. Suppose s + 10 = 5*w + 5*s, 5*s = -3*w - 7. Suppose w*a - 3*a = -5*q + 123, q = 5*a + u. List the prime factors of q.
3
Suppose -4*b + 472 = 2*c, -b - 119 = -2*b - c. Suppose w = 4*w - b. List the prime factors of w.
3, 13
Suppose 8*q - 1693 = 6651. List the prime factors of q.
7, 149
Let b(j) = -3*j - 9. Let v be b(-3). Suppose -2*t - 1215 = -5*m, v*m + 230 = m - 3*t. List the prime factors of m.
5, 7
Suppose 5*i + 2*n = -36 + 98, -n + 10 = i. Let k = 346 - -964. List the prime factors of k/70 - (-4)/i.
19
Let t(p) = p - 2. Let g be t(3). List the prime factors of (g - 3)*-1 + 15 + 143.
2, 5
What are the prime factors of 1765*(154/35 - 4)?
2, 353
Suppose -3*a = -3*d - 2568, -4*a + 113 = 2*d - 3287. List the prime factors of a.
2, 3, 71
Suppose -3*d - 18 = 3*f, f = -0